6. Suppose 3*h - 98 = x. List the prime factors of h.
2, 19
Suppose 283 = 4*i + 27. What are the prime factors of i?
2
Suppose 6 + 6 = 3*h. Suppose 0*g - h*g = -5*d + 2, 0 = -d + 2*g - 2. What are the prime factors of d?
2
Suppose 0 = -u + 4*s - 0*s + 122, u + s - 117 = 0. List the prime factors of u.
2, 59
Let w be (16/(-1 + 2))/1. Suppose -19 = -5*o + w. Suppose 4*t = 2*s + 16, -o*t = -3*t - 4*s - 8. What are the prime factors of t?
2, 3
Suppose -2*b + h + 275 = 0, 0*b + 3*b = 4*h + 415. List the prime factors of b.
137
Let s(b) = -4*b. Let a be s(-1). Suppose -54 = -6*t + 3*t + 3*g, a*t - 72 = -3*g. What are the prime factors of t?
2, 3
Suppose -a = a - 12. Let q = 14 - a. Let d(c) = c + 1. What are the prime factors of d(q)?
3
Let a = 61 + -17. What are the prime factors of a?
2, 11
Let d(i) = 2*i. Let f be d(2). Let k(v) = v**2 + 2. List the prime factors of k(f).
2, 3
Let s = 174 - 131. What are the prime factors of s?
43
Let j(y) = -y**3 - 10*y**2 + 12*y + 16. Let v be j(-11). Let t = v - 3. What are the prime factors of t?
2
Let d(a) = 12*a**2. List the prime factors of d(-1).
2, 3
Suppose 2*d - g = 28, -5*g + 14 = 4*d - 3*d. Suppose -3*u + 29 = -2*u. Let y = u - d. List the prime factors of y.
3, 5
Let v(j) = -j**3 + 8*j**2 - 6*j + 2. Let s be v(5). Suppose -2*a + a = -s. What are the prime factors of a?
47
Let c(k) = k**3 - 5*k**2 + 3*k + 3. Let v be c(5). Suppose -4*h = 20, 2*u + 48 = 5*u - 3*h. Let l = v - u. List the prime factors of l.
7
Let j = -285 + 465. List the prime factors of j.
2, 3, 5
What are the prime factors of (18/10)/(-3) - 1112/(-20)?
5, 11
Suppose 297 + 462 = 3*b. List the prime factors of b.
11, 23
Let t = 96 - -5. List the prime factors of t.
101
Suppose 0*l - 15 = -3*l. Let f = 4 + l. What are the prime factors of f?
3
Let t be (-15)/6*(3 - 1). Let z = t - -5. Suppose -4*a - 16 = 0, z = 3*x - 2*a - 76 + 32. List the prime factors of x.
2, 3
Let p be 6 + -3 + (-1 - -2). Suppose -4*b = q - 2, -2*b - 2*b - 4*q = p. Let j = 3 - b. List the prime factors of j.
2
Let h = 1 + -1. Let b = 4 + 0. Suppose b*a - c + 2*c - 8 = 0, a + 2*c - 2 = h. What are the prime factors of a?
2
Suppose -i + 15 - 1 = 0. Let u = i + -10. List the prime factors of u.
2
List the prime factors of (-3)/6 - (-860)/8.
107
Let y(c) = -c**3 + c + 1. Let p(j) = j**3 - 5*j**2 + j - 4. Let x be p(5). Let a be 0 - x - (-3 - -4). List the prime factors of y(a).
7
Suppose -p - 2 = -2*p. List the prime factors of p.
2
Suppose 218 = -2*m + 4*m. What are the prime factors of m?
109
Let n(i) = i**2 + 5*i + 6. Let v(p) = -p**2 - 5*p - 7. Let m(h) = 6*n(h) + 5*v(h). Let d be m(-5). Let y(t) = 5*t - 1. List the prime factors of y(d).
2
Suppose 3*g + 712 = 7*g + 4*o, 0 = 3*o - 12. What are the prime factors of g?
2, 3, 29
Let w(i) = i**2 - 1. Let b be w(-1). Suppose 3*f - f = b, -2*d - 4*f = 0. Suppose -u + v + 5 = d, 4*u - 1 = -4*v + 3. What are the prime factors of u?
3
Suppose 60 = 3*u + 3*i, 0 = -5*u - 4*i + 97 + 6. Let f = 31 + -17. Let l = u - f. What are the prime factors of l?
3
What are the prime factors of 57*((-4)/(-14))/((-7)/(-49))?
2, 3, 19
Suppose 0*d - 278 = -2*n - 2*d, -3*n = -3*d - 393. Suppose 15 = -6*m + n. List the prime factors of m.
2, 5
Let c be (-34)/(-4) + (-1)/(-2). Suppose 3*f + 2*z + c = -2*f, -5 = 3*f + z. List the prime factors of -2 - (-9 + (f - 2)).
2, 5
List the prime factors of (-4)/14 + 6496/98.
2, 3, 11
Let l be (-63)/14*2/(-3). Suppose -l*x - 2 = -14. Suppose -2*y + 5*p = -8 - x, 3*p - 6 = 0. What are the prime factors of y?
11
Let r = -11 - -15. Let k be ((-24)/(-2))/(-5 + r). Let s = 4 - k. List the prime factors of s.
2
What are the prime factors of 1356/(-8)*2/(-3)?
113
Let p be (396/(-30))/(6/(-40)). Suppose -u = -3*r - r - 12, 0 = -3*r. What are the prime factors of p/6 - 8/u?
2, 7
Let b(z) be the third derivative of z**6/120 - z**5/5 - z**4/2 + 7*z**3/3 - 3*z**2. List the prime factors of b(13).
3
What are the prime factors of ((-22)/(-2))/(-7 + 8)?
11
Let v be ((-8)/(-5))/((-8)/(-180)). Suppose -m + 6*m - 70 = 5*j, -4*m - j + v = 0. Let u = m + -3. What are the prime factors of u?
7
Let l(j) = -j**3 + 5*j**2 + 8*j. Suppose 3*w - 2*w = 6. Let n be l(w). Suppose -1 + n = r. What are the prime factors of r?
11
Let y(p) = p**2 + 1. Let i be y(2). Suppose 5*b + 4*n + 2 = 12, b = i*n + 2. Suppose -b*r + 5*f + 17 = 0, 0*f + f = 3*r - 32. What are the prime factors of r?
11
Suppose 0 = 3*w - 0*w. Suppose -58 = -3*l - 5*r, -42 = -w*l - 2*l - 4*r. What are the prime factors of l?
11
Suppose -o + l + 2*l + 120 = 0, -570 = -5*o + 5*l. List the prime factors of o.
3, 37
Suppose 2 = -m + 5. Suppose m*b + 80 = 5*b. List the prime factors of b.
2, 5
Suppose 4*c = c + 81. What are the prime factors of c?
3
Let g = 4 - 2. Suppose 12 = g*c + c. Suppose -11 = -2*u + 5*q, 9*q - c*q - 54 = -3*u. What are the prime factors of u?
13
Let m(k) = 3*k - 4. Let s be m(4). Suppose 0 = -g - 2*d + s, 4 = 5*g + d - 3*d. What are the prime factors of g?
2
Let u(a) = 7 + 1 + 0 - a. Let x be (-180)/75*5/(-2). List the prime factors of u(x).
2
Suppose -2*m + 5*m - 60 = 0. Let g = m + -11. What are the prime factors of g?
3
Let z(i) = -i**3 + 9*i**2 - 5*i - 2. Let k be z(8). Suppose 5*g - k - 28 = 0. Suppose 0 = 3*t - 2*t - g. List the prime factors of t.
2, 5
Let s = -3 - -6. List the prime factors of -1 + 1 + s + -1.
2
Suppose 0 = 2*z + 4*p - 2, z - 4*z + 3*p - 15 = 0. Let b(d) = d**3 + 3*d**2 + 2*d - 1. Let w be b(-2). Let o = w - z. List the prime factors of o.
2
Let p(k) = k**2 + 4. Suppose 2*o - 3*v + 7 = 0, -14 = -5*o - 5*v + 31. Suppose o*f + 7 = -5. List the prime factors of p(f).
13
Let m(i) be the second derivative of 1/6*i**3 + 2*i + 11/2*i**2 + 0. List the prime factors of m(-8).
3
Suppose 4 = y + 5, 2*x = -y + 1. Let k = x - -3. Let j(f) = f. List the prime factors of j(k).
2
Let v(i) = 3*i**2 + i + 3. List the prime factors of v(3).
3, 11
Let o = -53 + 69. List the prime factors of o.
2
Suppose -48 = -0*b - 4*b. Suppose 0 = -2*g - 2*g + b, -3*a + 189 = 3*g. Suppose 2*x - a = -x. What are the prime factors of x?
2, 5
Let w(c) = -c + 1. Suppose -29 = 4*v + 5*n + 4, -2*v = -n - 1. List the prime factors of w(v).
3
Suppose -2 = -u, 6*n - 1152 = 2*n - 4*u. Suppose -106 + n = 4*m. List the prime factors of m.
3, 5
Suppose 2*r = -2*h + 8, 3*r - 4*h = -9*h + 12. Suppose g + r*g = -j + 26, 30 = 3*g - 3*j. List the prime factors of g.
2, 3
Suppose 2*c - 2*n - 16 = -3*c, 9 = -3*c - 5*n. Let w be (-25)/(-2*1/c). List the prime factors of w/3 + (-4)/(-6).
3
List the prime factors of (21/2 + -1)*4.
2, 19
List the prime factors of 112/11 + (-6)/33.
2, 5
Suppose 3*u + 2*x = 14, -2*u - 2*u - 12 = -5*x. Suppose 70 + 55 = 5*v + u*g, 0 = -3*v - g + 76. What are the prime factors of v?
3
Suppose w - 4*w + 815 = -t, 0 = -w + 2*t + 275. List the prime factors of w.
271
Suppose h - x = -2*x + 88, 3*x + 201 = 2*h. What are the prime factors of h?
3, 31
Let y(m) = -m**3 - 5*m**2 - 12*m - 11. List the prime factors of y(-5).
7
Suppose c - 14 = 10. What are the prime factors of c?
2, 3
Let c = 13 + -4. Let d = 47 - c. List the prime factors of d.
2, 19
Let o be (-2)/8 - 150/(-24). Suppose -o = -4*i + i. What are the prime factors of i?
2
Let j be (5 - 3) + 4 + -4. Suppose -j*y - 2*n + 110 = y, 0 = -y - 5*n + 28. List the prime factors of y.
2, 19
Let n(l) = l**2 + 3*l + 3. Let a be 2/(-10) - 42/15. List the prime factors of n(a).
3
Suppose -4*j + j = -12. Suppose 0 = -5*r - 3*v + 2*v + 41, 5*v = 5. Suppose -r - j = -4*f. What are the prime factors of f?
3
Suppose 0 = -4*o + 281 + 735. List the prime factors of o.
2, 127
Let k(m) = 2*m + 20. List the prime factors of k(9).
2, 19
Suppose 3*y + 207 = 3*s - 2*y, 138 = 2*s + 2*y. What are the prime factors of s?
3, 23
Suppose -3*j - 10 = -5*j. Suppose j*n - 15 = -0, 3*i - 4*n = 6. List the prime factors of i.
2, 3
Let l be (1/(-3))/(3/(-18)). Suppose -4*f + 25 = x, -x - l*f = -0*x - 19. What are the prime factors of x?
13
Let b = 40 + 29. What are the prime factors of b?
3, 23
What are the prime factors of (-14)/(-4)*(-14)/(-7)?
7
Suppose -7*d + 3*d + 20 = 0. Suppose -d*i + 17 = 2*a - 27, 4*i - 42 = -5*a. List the prime factors of i.
2
Let a(d) = -d**2 + 8*d - 7. Let u = -11 - -17. Let m be a(u). Let y = m - 0. Lis